{"id":3,"date":"2023-02-18T18:33:55","date_gmt":"2023-02-18T21:33:55","guid":{"rendered":"http:\/\/soldpay.com.br\/?page_id=3"},"modified":"2023-03-19T02:39:34","modified_gmt":"2023-03-19T05:39:34","slug":"politica-de-privacidade-soldpay","status":"publish","type":"page","link":"https:\/\/soldpay.com.br\/?page_id=3","title":{"rendered":"Pol\u00edtica de privacidade"},"content":{"rendered":"\n<figure class=\"wp-block-image size-large\"><img fetchpriority=\"high\" decoding=\"async\" width=\"1024\" height=\"682\" src=\"http:\/\/soldpay.com.br\/wp-content\/uploads\/2023\/03\/VALORES-1024x682.jpeg\" alt=\"\" class=\"wp-image-387\" srcset=\"https:\/\/soldpay.com.br\/wp-content\/uploads\/2023\/03\/VALORES-1024x682.jpeg 1024w, https:\/\/soldpay.com.br\/wp-content\/uploads\/2023\/03\/VALORES-300x200.jpeg 300w, https:\/\/soldpay.com.br\/wp-content\/uploads\/2023\/03\/VALORES-768x512.jpeg 768w, https:\/\/soldpay.com.br\/wp-content\/uploads\/2023\/03\/VALORES-1536x1024.jpeg 1536w, https:\/\/soldpay.com.br\/wp-content\/uploads\/2023\/03\/VALORES-2048x1365.jpeg 2048w, https:\/\/soldpay.com.br\/wp-content\/uploads\/2023\/03\/VALORES-2000x1333.jpeg 2000w, https:\/\/soldpay.com.br\/wp-content\/uploads\/2023\/03\/VALORES-600x400.jpeg 600w\" sizes=\"(max-width: 1024px) 100vw, 1024px\" \/><\/figure>\n\n\n\n<h2 class=\"wp-block-heading\"><strong>Pol\u00edtica Privacidade<\/strong><\/h2>\n\n\n\n<p>A sua privacidade \u00e9 importante para n\u00f3s. \u00c9 pol\u00edtica do Sold Pay respeitar a sua privacidade em rela\u00e7\u00e3o a qualquer informa\u00e7\u00e3o sua que possamos coletar no site <a href=\"https:\/\/www.soldpay.com.br\/\">Sold Pay<\/a>, e outros sites que possu\u00edmos e operamos.<\/p>\n\n\n\n<p>Solicitamos informa\u00e7\u00f5es pessoais apenas quando realmente precisamos delas para lhe fornecer um servi\u00e7o. Fazemo-lo por meios justos e legais, com o seu conhecimento e consentimento. Tamb\u00e9m informamos por que estamos coletando e como ser\u00e1 usado.<\/p>\n\n\n\n<p>Apenas retemos as informa\u00e7\u00f5es coletadas pelo tempo necess\u00e1rio para fornecer o servi\u00e7o solicitado. Quando armazenamos dados, protegemos dentro de meios comercialmente aceit\u00e1veis \u200b\u200bpara evitar perdas e roubos, bem como acesso, divulga\u00e7\u00e3o, c\u00f3pia, uso ou modifica\u00e7\u00e3o n\u00e3o autorizados.<\/p>\n\n\n\n<p>N\u00e3o compartilhamos informa\u00e7\u00f5es de identifica\u00e7\u00e3o pessoal publicamente ou com terceiros, exceto quando exigido por lei.<\/p>\n\n\n\n<p>O nosso site pode ter links para sites externos que n\u00e3o s\u00e3o operados por n\u00f3s. Esteja ciente de que n\u00e3o temos controle sobre o conte\u00fado e pr\u00e1ticas desses sites e n\u00e3o podemos aceitar responsabilidade por suas respectivas <a href=\"https:\/\/www.soldpay.com.br\/politicadeprivacidade\">pol\u00edticas de privacidade<\/a>.<\/p>\n\n\n\n<p>Voc\u00ea \u00e9 livre para recusar a nossa solicita\u00e7\u00e3o de informa\u00e7\u00f5es pessoais, entendendo que talvez n\u00e3o possamos fornecer alguns dos servi\u00e7os desejados.<\/p>\n\n\n\n<p>O uso continuado de nosso site ser\u00e1 considerado como aceita\u00e7\u00e3o de nossas pr\u00e1ticas em torno de privacidade e informa\u00e7\u00f5es pessoais. Se voc\u00ea tiver alguma d\u00favida sobre como lidamos com dados do usu\u00e1rio e informa\u00e7\u00f5es pessoais, entre em contato conosco.<\/p>\n\n\n\n<h2 class=\"wp-block-heading\"><strong>Pol\u00edtica de Cookies Sold Pay<\/strong><\/h2>\n\n\n\n<h3 class=\"wp-block-heading\"><strong>O que s\u00e3o cookies?<\/strong><\/h3>\n\n\n\n<p>Como \u00e9 pr\u00e1tica comum em quase todos os sites profissionais, este site usa cookies, que s\u00e3o pequenos arquivos baixados no seu computador, para melhorar sua experi\u00eancia. Esta p\u00e1gina descreve quais informa\u00e7\u00f5es eles coletam, como as usamos e por que \u00e0s vezes precisamos armazenar esses cookies. Tamb\u00e9m compartilharemos como voc\u00ea pode impedir que esses cookies sejam armazenados, no entanto, isso pode fazer o downgrade ou &#8216;quebrar&#8217; certos elementos da funcionalidade do site.<\/p>\n\n\n\n<h3 class=\"wp-block-heading\"><strong>Como usamos os cookies?<\/strong><\/h3>\n\n\n\n<p>Utilizamos cookies por v\u00e1rios motivos, detalhados abaixo. Infelizmente, na maioria dos casos, n\u00e3o existem op\u00e7\u00f5es padr\u00e3o do setor para desativar os cookies sem desativar completamente a funcionalidade e os recursos que eles adicionam a este site. \u00c9 recomend\u00e1vel que voc\u00ea deixe todos os cookies se n\u00e3o tiver certeza se precisa ou n\u00e3o deles, caso sejam usados \u200b\u200bpara fornecer um servi\u00e7o que voc\u00ea usa.<\/p>\n\n\n\n<h3 class=\"wp-block-heading\"><strong>Desativar cookies<\/strong><\/h3>\n\n\n\n<p>Voc\u00ea pode impedir a configura\u00e7\u00e3o de cookies ajustando as configura\u00e7\u00f5es do seu navegador (consulte a Ajuda do navegador para saber como fazer isso). Esteja ciente de que a desativa\u00e7\u00e3o de cookies afetar\u00e1 a funcionalidade deste e de muitos outros sites que voc\u00ea visita. A desativa\u00e7\u00e3o de cookies geralmente resultar\u00e1 na desativa\u00e7\u00e3o de determinadas funcionalidades e recursos deste site. Portanto, \u00e9 recomend\u00e1vel que voc\u00ea n\u00e3o desative os cookies.<\/p>\n\n\n\n<h3 class=\"wp-block-heading\"><strong>Cookies que definimos<\/strong><\/h3>\n\n\n\n<ul class=\"wp-block-list\">\n<li>Cookies relacionados a pesquisas<br><br>Periodicamente, oferecemos pesquisas e question\u00e1rios para fornecer informa\u00e7\u00f5es interessantes, ferramentas \u00fateis ou para entender nossa base de usu\u00e1rios com mais precis\u00e3o. Essas pesquisas podem usar cookies para lembrar quem j\u00e1 participou numa pesquisa ou para fornecer resultados precisos ap\u00f3s a altera\u00e7\u00e3o das p\u00e1ginas.<br><\/li>\n\n\n\n<li>Cookies relacionados a formul\u00e1rios<br><br>Quando voc\u00ea envia dados por meio de um formul\u00e1rio como os encontrados nas p\u00e1ginas de contacto ou nos formul\u00e1rios de coment\u00e1rios, os cookies podem ser configurados para lembrar os detalhes do usu\u00e1rio para correspond\u00eancia futura.<br><\/li>\n\n\n\n<li>Cookies de prefer\u00eancias do site<br><br>Para proporcionar uma \u00f3tima experi\u00eancia neste site, fornecemos a funcionalidade para definir suas prefer\u00eancias de como esse site \u00e9 executado quando voc\u00ea o usa. Para lembrar suas prefer\u00eancias, precisamos definir cookies para que essas informa\u00e7\u00f5es possam ser chamadas sempre que voc\u00ea interagir com uma p\u00e1gina for afetada por suas prefer\u00eancias.<\/li>\n<\/ul>\n\n\n\n<h3 class=\"wp-block-heading\"><strong>Cookies de Terceiros<\/strong><\/h3>\n\n\n\n<p>Em alguns casos especiais, tamb\u00e9m usamos cookies fornecidos por terceiros confi\u00e1veis. A se\u00e7\u00e3o a seguir detalha quais cookies de terceiros voc\u00ea pode encontrar atrav\u00e9s deste site.<\/p>\n\n\n\n<ul class=\"wp-block-list\">\n<li>Este site usa o <a href=\"https:\/\/analytics.google.com\/analytics\/web\/\">Google Analytics<\/a>, que \u00e9 uma das solu\u00e7\u00f5es de an\u00e1lise mais difundidas e confi\u00e1veis \u200b\u200bda Web, para nos ajudar a entender como voc\u00ea usa o site e como podemos melhorar sua experi\u00eancia. Esses cookies podem rastrear itens como quanto tempo voc\u00ea gasta no site e as p\u00e1ginas visitadas, para que possamos continuar produzindo conte\u00fado atraente.<\/li>\n<\/ul>\n\n\n\n<p>Para mais informa\u00e7\u00f5es sobre cookies do Google Analytics, consulte a p\u00e1gina oficial do Google Analytics.<\/p>\n\n\n\n<ul class=\"wp-block-list\">\n<li>As an\u00e1lises de terceiros s\u00e3o usadas para rastrear e medir o uso deste site, para que possamos continuar produzindo conte\u00fado atrativo. Esses cookies podem rastrear itens como o tempo que voc\u00ea passa no site ou as p\u00e1ginas visitadas, o que nos ajuda a entender como podemos melhorar o site para voc\u00ea.<\/li>\n\n\n\n<li>Periodicamente, testamos novos recursos e fazemos altera\u00e7\u00f5es sutis na maneira como o site se apresenta. Quando ainda estamos testando novos recursos, esses cookies podem ser usados \u200b\u200bpara garantir que voc\u00ea receba uma experi\u00eancia consistente enquanto estiver no site, enquanto entendemos quais otimiza\u00e7\u00f5es os nossos usu\u00e1rios mais apreciam.<\/li>\n\n\n\n<li>\u00c0 medida que vendemos produtos, \u00e9 importante entendermos as estat\u00edsticas sobre quantos visitantes de nosso site realmente compram e, portanto, esse \u00e9 o tipo de dados que esses cookies rastrear\u00e3o. Isso \u00e9 importante para voc\u00ea, pois significa que podemos fazer previs\u00f5es de neg\u00f3cios com precis\u00e3o que nos permitem analisar nossos custos de publicidade e produtos para garantir o melhor pre\u00e7o poss\u00edvel.<\/li>\n<\/ul>\n\n\n\n<h3 class=\"wp-block-heading\"><strong>Compromisso do Usu\u00e1rio<\/strong><\/h3>\n\n\n\n<p>O usu\u00e1rio se compromete a fazer uso adequado dos conte\u00fados e da informa\u00e7\u00e3o que o Sold Pay oferece no site e com car\u00e1ter enunciativo, mas n\u00e3o limitativo:<\/p>\n\n\n\n<ul class=\"wp-block-list\">\n<li>A) N\u00e3o se envolver em atividades que sejam ilegais ou contr\u00e1rias \u00e0 boa f\u00e9 a \u00e0 ordem p\u00fablica;<\/li>\n\n\n\n<li>B) N\u00e3o difundir propaganda ou conte\u00fado de natureza racista, xenof\u00f3bica, ou casas de apostas, jogos de sorte e azar, qualquer tipo de pornografia ilegal, de apologia ao terrorismo ou contra os direitos humanos;<\/li>\n\n\n\n<li>C) N\u00e3o causar danos aos sistemas f\u00edsicos (hardwares) e l\u00f3gicos (softwares) do Sold Pay, de seus fornecedores ou terceiros, para introduzir ou disseminar v\u00edrus inform\u00e1ticos ou quaisquer outros sistemas de hardware ou software que sejam capazes de causar danos anteriormente mencionados.<\/li>\n<\/ul>\n\n\n\n<h3 class=\"wp-block-heading\"><strong>Mais informa\u00e7\u00f5es<\/strong><\/h3>\n\n\n\n<p>Esperemos que esteja esclarecido e, como mencionado anteriormente, se houver algo que voc\u00ea n\u00e3o tem certeza se precisa ou n\u00e3o, geralmente \u00e9 mais seguro deixar os cookies ativados, caso interaja com um dos recursos que voc\u00ea usa em nosso site.<\/p>\n\n\n\n<p>Esta pol\u00edtica \u00e9 efetiva a partir de Mar\/2023.<\/p>\n\n\n\n<h3 class=\"wp-block-heading\"><strong>Contato<\/strong><\/h3>\n\n\n\n<p>Caso prefira, pode entrar em <a href=\"https:\/\/www.soldpay.com.br\/contato\" target=\"_blank\" rel=\"noreferrer noopener\">contato<\/a> conosco para que possamos esclarecer quaisquer d\u00favidas pertinentes \u00e0 nossa pol\u00edtica de privacidade. Estamos sempre \u00e0 disposi\u00e7\u00e3o.<\/p>\n\n\n\n<figure class=\"wp-block-image size-large\"><img decoding=\"async\" width=\"1024\" height=\"576\" src=\"http:\/\/soldpay.com.br\/wp-content\/uploads\/2023\/03\/VISAO-1024x576.jpeg\" alt=\"\" class=\"wp-image-385\" srcset=\"https:\/\/soldpay.com.br\/wp-content\/uploads\/2023\/03\/VISAO-1024x576.jpeg 1024w, https:\/\/soldpay.com.br\/wp-content\/uploads\/2023\/03\/VISAO-300x169.jpeg 300w, https:\/\/soldpay.com.br\/wp-content\/uploads\/2023\/03\/VISAO-768x432.jpeg 768w, https:\/\/soldpay.com.br\/wp-content\/uploads\/2023\/03\/VISAO-1536x864.jpeg 1536w, https:\/\/soldpay.com.br\/wp-content\/uploads\/2023\/03\/VISAO-2048x1152.jpeg 2048w, https:\/\/soldpay.com.br\/wp-content\/uploads\/2023\/03\/VISAO-2000x1125.jpeg 2000w, https:\/\/soldpay.com.br\/wp-content\/uploads\/2023\/03\/VISAO-600x338.jpeg 600w\" sizes=\"(max-width: 1024px) 100vw, 1024px\" \/><\/figure>\n","protected":false},"excerpt":{"rendered":"<p>Pol\u00edtica Privacidade A sua privacidade \u00e9 importante para n\u00f3s. \u00c9 pol\u00edtica do Sold Pay respeitar a sua privacidade em rela\u00e7\u00e3o a qualquer informa\u00e7\u00e3o sua que possamos coletar no site Sold Pay, e outros sites que possu\u00edmos e operamos. Solicitamos informa\u00e7\u00f5es pessoais apenas quando realmente precisamos delas para lhe fornecer um servi\u00e7o. Fazemo-lo por meios justos &hellip; <\/p>\n<p class=\"link-more\"><a href=\"https:\/\/soldpay.com.br\/?page_id=3\" class=\"more-link\">Leia mais<span class=\"screen-reader-text\"> &#8220;Pol\u00edtica de privacidade&#8221;<\/span><\/a><\/p>\n","protected":false},"author":1,"featured_media":0,"parent":0,"menu_order":0,"comment_status":"closed","ping_status":"closed","template":"","meta":{"_eb_attr":"","footnotes":""},"class_list":["post-3","page","type-page","status-publish","hentry"],"yoast_head":"<!-- This site is optimized with the Yoast SEO plugin v20.2 - https:\/\/yoast.com\/wordpress\/plugins\/seo\/ -->\n<title>Pol\u00edtica de privacidade - Solu\u00e7\u00f5es de Pagamento<\/title>\n<meta name=\"description\" content=\"A Sold Pay \u00e9 uma empresa comprometida com a seguran\u00e7a dos nossos clientes e parceiros. Confira nossa pol\u00edtica de privacidade.\" \/>\n<meta name=\"robots\" content=\"index, follow, max-snippet:-1, max-image-preview:large, max-video-preview:-1\" \/>\n<link rel=\"canonical\" href=\"https:\/\/soldpay.com.br\/?page_id=3\" \/>\n<meta property=\"og:locale\" content=\"pt_BR\" \/>\n<meta property=\"og:type\" content=\"article\" \/>\n<meta property=\"og:title\" content=\"Pol\u00edtica de privacidade - Solu\u00e7\u00f5es de Pagamento\" \/>\n<meta property=\"og:description\" content=\"A Sold Pay \u00e9 uma empresa comprometida com a seguran\u00e7a dos nossos clientes e parceiros. Confira nossa pol\u00edtica de privacidade.\" \/>\n<meta property=\"og:url\" content=\"https:\/\/soldpay.com.br\/?page_id=3\" \/>\n<meta property=\"og:site_name\" content=\"Solu\u00e7\u00f5es de Pagamento\" \/>\n<meta property=\"article:modified_time\" content=\"2023-03-19T05:39:34+00:00\" \/>\n<meta property=\"og:image\" content=\"http:\/\/soldpay.com.br\/wp-content\/uploads\/2023\/03\/VALORES-1024x682.jpeg\" \/>\n<meta name=\"twitter:card\" content=\"summary_large_image\" \/>\n<meta name=\"twitter:label1\" content=\"Est. tempo de leitura\" \/>\n\t<meta name=\"twitter:data1\" content=\"7 minutos\" \/>\n<script type=\"application\/ld+json\" class=\"yoast-schema-graph\">{\"@context\":\"https:\/\/schema.org\",\"@graph\":[{\"@type\":\"WebPage\",\"@id\":\"https:\/\/soldpay.com.br\/?page_id=3\",\"url\":\"https:\/\/soldpay.com.br\/?page_id=3\",\"name\":\"Pol\u00edtica de privacidade - Solu\u00e7\u00f5es de Pagamento\",\"isPartOf\":{\"@id\":\"https:\/\/soldpay.com.br\/#website\"},\"datePublished\":\"2023-02-18T21:33:55+00:00\",\"dateModified\":\"2023-03-19T05:39:34+00:00\",\"description\":\"A Sold Pay \u00e9 uma empresa comprometida com a seguran\u00e7a dos nossos clientes e parceiros. Confira nossa pol\u00edtica de privacidade.\",\"breadcrumb\":{\"@id\":\"https:\/\/soldpay.com.br\/?page_id=3#breadcrumb\"},\"inLanguage\":\"pt-BR\",\"potentialAction\":[{\"@type\":\"ReadAction\",\"target\":[\"https:\/\/soldpay.com.br\/?page_id=3\"]}]},{\"@type\":\"BreadcrumbList\",\"@id\":\"https:\/\/soldpay.com.br\/?page_id=3#breadcrumb\",\"itemListElement\":[{\"@type\":\"ListItem\",\"position\":1,\"name\":\"In\u00edcio\",\"item\":\"https:\/\/soldpay.com.br\/\"},{\"@type\":\"ListItem\",\"position\":2,\"name\":\"Pol\u00edtica de privacidade\"}]},{\"@type\":\"WebSite\",\"@id\":\"https:\/\/soldpay.com.br\/#website\",\"url\":\"https:\/\/soldpay.com.br\/\",\"name\":\"Solu\u00e7\u00f5es de Pagamento\",\"description\":\"\",\"publisher\":{\"@id\":\"https:\/\/soldpay.com.br\/#organization\"},\"potentialAction\":[{\"@type\":\"SearchAction\",\"target\":{\"@type\":\"EntryPoint\",\"urlTemplate\":\"https:\/\/soldpay.com.br\/?s={search_term_string}\"},\"query-input\":\"required name=search_term_string\"}],\"inLanguage\":\"pt-BR\"},{\"@type\":\"Organization\",\"@id\":\"https:\/\/soldpay.com.br\/#organization\",\"name\":\"Solu\u00e7\u00f5es de Pagamento\",\"url\":\"https:\/\/soldpay.com.br\/\",\"logo\":{\"@type\":\"ImageObject\",\"inLanguage\":\"pt-BR\",\"@id\":\"https:\/\/soldpay.com.br\/#\/schema\/logo\/image\/\",\"url\":\"https:\/\/soldpay.com.br\/wp-content\/uploads\/2024\/07\/cropped-soldpay-para-camiseta.png\",\"contentUrl\":\"https:\/\/soldpay.com.br\/wp-content\/uploads\/2024\/07\/cropped-soldpay-para-camiseta.png\",\"width\":1258,\"height\":314,\"caption\":\"Solu\u00e7\u00f5es de Pagamento\"},\"image\":{\"@id\":\"https:\/\/soldpay.com.br\/#\/schema\/logo\/image\/\"}}]}<\/script>\n<!-- \/ Yoast SEO plugin. -->","yoast_head_json":{"title":"Pol\u00edtica de privacidade - Solu\u00e7\u00f5es de Pagamento","description":"A Sold Pay \u00e9 uma empresa comprometida com a seguran\u00e7a dos nossos clientes e parceiros. Confira nossa pol\u00edtica de privacidade.","robots":{"index":"index","follow":"follow","max-snippet":"max-snippet:-1","max-image-preview":"max-image-preview:large","max-video-preview":"max-video-preview:-1"},"canonical":"https:\/\/soldpay.com.br\/?page_id=3","og_locale":"pt_BR","og_type":"article","og_title":"Pol\u00edtica de privacidade - Solu\u00e7\u00f5es de Pagamento","og_description":"A Sold Pay \u00e9 uma empresa comprometida com a seguran\u00e7a dos nossos clientes e parceiros. Confira nossa pol\u00edtica de privacidade.","og_url":"https:\/\/soldpay.com.br\/?page_id=3","og_site_name":"Solu\u00e7\u00f5es de Pagamento","article_modified_time":"2023-03-19T05:39:34+00:00","og_image":[{"url":"http:\/\/soldpay.com.br\/wp-content\/uploads\/2023\/03\/VALORES-1024x682.jpeg"}],"twitter_card":"summary_large_image","twitter_misc":{"Est. tempo de leitura":"7 minutos"},"schema":{"@context":"https:\/\/schema.org","@graph":[{"@type":"WebPage","@id":"https:\/\/soldpay.com.br\/?page_id=3","url":"https:\/\/soldpay.com.br\/?page_id=3","name":"Pol\u00edtica de privacidade - Solu\u00e7\u00f5es de Pagamento","isPartOf":{"@id":"https:\/\/soldpay.com.br\/#website"},"datePublished":"2023-02-18T21:33:55+00:00","dateModified":"2023-03-19T05:39:34+00:00","description":"A Sold Pay \u00e9 uma empresa comprometida com a seguran\u00e7a dos nossos clientes e parceiros. Confira nossa pol\u00edtica de privacidade.","breadcrumb":{"@id":"https:\/\/soldpay.com.br\/?page_id=3#breadcrumb"},"inLanguage":"pt-BR","potentialAction":[{"@type":"ReadAction","target":["https:\/\/soldpay.com.br\/?page_id=3"]}]},{"@type":"BreadcrumbList","@id":"https:\/\/soldpay.com.br\/?page_id=3#breadcrumb","itemListElement":[{"@type":"ListItem","position":1,"name":"In\u00edcio","item":"https:\/\/soldpay.com.br\/"},{"@type":"ListItem","position":2,"name":"Pol\u00edtica de privacidade"}]},{"@type":"WebSite","@id":"https:\/\/soldpay.com.br\/#website","url":"https:\/\/soldpay.com.br\/","name":"Solu\u00e7\u00f5es de Pagamento","description":"","publisher":{"@id":"https:\/\/soldpay.com.br\/#organization"},"potentialAction":[{"@type":"SearchAction","target":{"@type":"EntryPoint","urlTemplate":"https:\/\/soldpay.com.br\/?s={search_term_string}"},"query-input":"required name=search_term_string"}],"inLanguage":"pt-BR"},{"@type":"Organization","@id":"https:\/\/soldpay.com.br\/#organization","name":"Solu\u00e7\u00f5es de Pagamento","url":"https:\/\/soldpay.com.br\/","logo":{"@type":"ImageObject","inLanguage":"pt-BR","@id":"https:\/\/soldpay.com.br\/#\/schema\/logo\/image\/","url":"https:\/\/soldpay.com.br\/wp-content\/uploads\/2024\/07\/cropped-soldpay-para-camiseta.png","contentUrl":"https:\/\/soldpay.com.br\/wp-content\/uploads\/2024\/07\/cropped-soldpay-para-camiseta.png","width":1258,"height":314,"caption":"Solu\u00e7\u00f5es de Pagamento"},"image":{"@id":"https:\/\/soldpay.com.br\/#\/schema\/logo\/image\/"}}]}},"featured_media_urls":[],"_links":{"self":[{"href":"https:\/\/soldpay.com.br\/index.php?rest_route=\/wp\/v2\/pages\/3","targetHints":{"allow":["GET"]}}],"collection":[{"href":"https:\/\/soldpay.com.br\/index.php?rest_route=\/wp\/v2\/pages"}],"about":[{"href":"https:\/\/soldpay.com.br\/index.php?rest_route=\/wp\/v2\/types\/page"}],"author":[{"embeddable":true,"href":"https:\/\/soldpay.com.br\/index.php?rest_route=\/wp\/v2\/users\/1"}],"replies":[{"embeddable":true,"href":"https:\/\/soldpay.com.br\/index.php?rest_route=%2Fwp%2Fv2%2Fcomments&post=3"}],"version-history":[{"count":3,"href":"https:\/\/soldpay.com.br\/index.php?rest_route=\/wp\/v2\/pages\/3\/revisions"}],"predecessor-version":[{"id":433,"href":"https:\/\/soldpay.com.br\/index.php?rest_route=\/wp\/v2\/pages\/3\/revisions\/433"}],"wp:attachment":[{"href":"https:\/\/soldpay.com.br\/index.php?rest_route=%2Fwp%2Fv2%2Fmedia&parent=3"}],"curies":[{"name":"wp","href":"https:\/\/api.w.org\/{rel}","templated":true}]}}